{"id":9,"date":"2017-01-16T14:37:14","date_gmt":"2017-01-16T14:37:14","guid":{"rendered":"http:\/\/sbm.wolomin.pl\/?page_id=9"},"modified":"2026-04-01T10:53:16","modified_gmt":"2026-04-01T08:53:16","slug":"wladze","status":"publish","type":"page","link":"https:\/\/sbm.wolomin.pl\/?page_id=9","title":{"rendered":"W\u0142adze"},"content":{"rendered":"<p>Organy Sp\u00f3\u0142dzielni:<\/p>\n<ol>\n<li style=\"text-align: justify;\"><strong>Walne Zgromadzenie<\/strong><\/li>\n<li style=\"text-align: justify;\"><strong>Rada Nadzorcza<\/strong><\/li>\n<li style=\"text-align: justify;\"><strong>Zarz\u0105d<\/strong><\/li>\n<\/ol>\n<ol>\n<li>Walne Zgromadzenie &#8211; najwy\u017cszy organ Sp\u00f3\u0142dzielni jest zwo\u0142ywane przynajmniej raz w roku w terminie do 30 czerwca. Z wzgl\u0119du na liczb\u0119 cz\u0142onk\u00f3w (przekraczaj\u0105c\u0105 500) \u2013 Walne Zgromadzenie odbywa si\u0119 w cz\u0119\u015bciach.<\/li>\n<li>Walne Zgromadzenie w 2023 r. wybra\u0142o Rad\u0119 Nadzorcz\u0105 w sk\u0142adzie:<\/li>\n<\/ol>\n<p class=\"Normal\" align=\"center\"><b>RADA NADZORCZA <\/b><b>SBM w Wo\u0142ominie <\/b><\/p>\n<table>\n<tbody>\n<tr>\n<td>1.<\/td>\n<td>Maciej Dobek<\/td>\n<td>Przewodnicz\u0105cy<\/td>\n<\/tr>\n<tr>\n<td>2.<\/td>\n<td>Marzena Karczewska Rafalska<\/td>\n<td>Z-ca Przewodnicz\u0105cego<\/td>\n<\/tr>\n<tr>\n<td>3.<\/td>\n<td>Anna Mr\u00f3z \u2013 Mateew<\/td>\n<td>Sekretarz<\/td>\n<\/tr>\n<tr>\n<td>5.<\/td>\n<td>Arkadiusz Tarasiewicz<\/td>\n<td>Cz\u0142onek<\/td>\n<\/tr>\n<tr>\n<td>6.<\/td>\n<td>Marta Zbrze\u017aniak<\/td>\n<td>Cz\u0142onek<\/td>\n<\/tr>\n<\/tbody>\n<\/table>\n<p style=\"text-align: justify;\"><span style=\"font-size: 10pt;\">*Kolejno\u015b\u0107 wg. nazwisk (poza Prezydium Rady Nadzorczej)<\/span><\/p>\n<p style=\"text-align: justify;\"><strong>Przewodnicz\u0105cy Rady przyjmuje interesant\u00f3w w ka\u017cdy pierwszy poniedzia\u0142ek miesi\u0105ca, wy\u0142\u0105cznie po wcze\u015bniejszym um\u00f3wieniu wizyty w Sp\u00f3\u0142dzielni (pok\u00f3j nr 13).<\/strong><br \/>\nW celu ustalenia terminu spotkania prosimy o kontakt telefoniczny pod numerem: <strong>22 776 23 35<\/strong>.<\/p>\n<p style=\"text-align: justify;\">3. Zarz\u0105d:<\/p>\n<p style=\"text-align: center;\"><b>ZARZ\u0104D SBM w Wo\u0142ominie<\/b><\/p>\n<ul>\n<li style=\"text-align: justify;\"><b>Przemys\u0142aw Zawadzki &#8211; Prezes Zarz\u0105du<\/b><\/li>\n<li style=\"text-align: justify;\"><strong>Zast\u0119pca Prezesa &#8211; Marcin Szewczyk<\/strong><\/li>\n<\/ul>\n","protected":false},"excerpt":{"rendered":"<p>Organy Sp\u00f3\u0142dzielni: Walne Zgromadzenie Rada Nadzorcza Zarz\u0105d Walne Zgromadzenie &#8211; najwy\u017cszy organ Sp\u00f3\u0142dzielni jest zwo\u0142ywane przynajmniej raz w roku w terminie do 30 czerwca. Z&hellip; <\/p>\n","protected":false},"author":1,"featured_media":0,"parent":0,"menu_order":0,"comment_status":"closed","ping_status":"closed","template":"","meta":{"footnotes":""},"categories":[],"tags":[],"class_list":["post-9","page","type-page","status-publish","hentry"],"jetpack_sharing_enabled":true,"publishpress_future_action":{"enabled":false,"date":"2026-05-22 20:50:10","action":"change-status","newStatus":"draft","terms":[],"taxonomy":"category","extraData":[]},"publishpress_future_workflow_manual_trigger":{"enabledWorkflows":[]},"_links":{"self":[{"href":"https:\/\/sbm.wolomin.pl\/index.php?rest_route=\/wp\/v2\/pages\/9","targetHints":{"allow":["GET"]}}],"collection":[{"href":"https:\/\/sbm.wolomin.pl\/index.php?rest_route=\/wp\/v2\/pages"}],"about":[{"href":"https:\/\/sbm.wolomin.pl\/index.php?rest_route=\/wp\/v2\/types\/page"}],"author":[{"embeddable":true,"href":"https:\/\/sbm.wolomin.pl\/index.php?rest_route=\/wp\/v2\/users\/1"}],"replies":[{"embeddable":true,"href":"https:\/\/sbm.wolomin.pl\/index.php?rest_route=%2Fwp%2Fv2%2Fcomments&post=9"}],"version-history":[{"count":39,"href":"https:\/\/sbm.wolomin.pl\/index.php?rest_route=\/wp\/v2\/pages\/9\/revisions"}],"predecessor-version":[{"id":3267,"href":"https:\/\/sbm.wolomin.pl\/index.php?rest_route=\/wp\/v2\/pages\/9\/revisions\/3267"}],"wp:attachment":[{"href":"https:\/\/sbm.wolomin.pl\/index.php?rest_route=%2Fwp%2Fv2%2Fmedia&parent=9"}],"wp:term":[{"taxonomy":"category","embeddable":true,"href":"https:\/\/sbm.wolomin.pl\/index.php?rest_route=%2Fwp%2Fv2%2Fcategories&post=9"},{"taxonomy":"post_tag","embeddable":true,"href":"https:\/\/sbm.wolomin.pl\/index.php?rest_route=%2Fwp%2Fv2%2Ftags&post=9"}],"curies":[{"name":"wp","href":"https:\/\/api.w.org\/{rel}","templated":true}]}}